{"id":20752,"date":"2020-05-09T18:06:58","date_gmt":"2020-05-09T16:06:58","guid":{"rendered":"http:\/\/favrelavocat.com\/?page_id=20752"},"modified":"2020-05-10T11:06:03","modified_gmt":"2020-05-10T09:06:03","slug":"mentions-legales","status":"publish","type":"page","link":"https:\/\/favrelavocat.com\/index.php\/mentions-legales\/","title":{"rendered":"Mentions l\u00e9gales"},"content":{"rendered":"<h2 class=\"wp-block-heading\"><strong>Personne \u00e0 contacter<\/strong><\/h2><p>Ma\u00eetre Gr\u00e2ce FAVREL, inscrite au barreau de Paris, SIREN : 883030470, si\u00e8ge social : 160, rue du Temple 75003 Paris, France ; t\u00e9l\u00e9phone : +33635572895 ; mail : contact@favrelavocat.com.<\/p><hr class=\"wp-block-separator has-text-color has-background has-luminous-vivid-amber-background-color has-luminous-vivid-amber-color is-style-dots\"\/><h2 class=\"wp-block-heading\"><strong>En cas de litige<\/strong><\/h2><p>Conform\u00e9ment aux dispositions des articles L.612-1 et suivants du Code de la consommation, vous avez la possibilit\u00e9, en cas de litige, de recourir gratuitement au M\u00e9diateur de la consommation aupr\u00e8s du Conseil National des Barreaux (CNB) dont les coordonn\u00e9es sont les suivantes : CNB, M\u00e9diateur \u00e0 la consommation, 180 boulevard Haussmann \u2013 75008 Paris.<\/p><hr class=\"wp-block-separator has-text-color has-background has-luminous-vivid-amber-background-color has-luminous-vivid-amber-color is-style-dots\"\/><p><\/p><h2 class=\"wp-block-heading\"><strong>R\u00e9glementation&nbsp;professionnelle<\/strong><\/h2><p>Ma\u00eetre Gr\u00e2ce Favrel est inscrite au Barreau de Paris, son cabinet est ainsi rattach\u00e9 \u00e0 l\u2019Ordre du barreau de Paris (France).<br>Ma\u00eetre Gr\u00e2ce Favrel est soumise au r\u00e8glement int\u00e9rieur du barreau de Paris et au r\u00e8glement int\u00e9rieur national dans leur version applicable ainsi qu\u2019aux dispositions l\u00e9gislatives et r\u00e9glementaires relatives \u00e0 la profession d\u2019avocat.<\/p><hr class=\"wp-block-separator has-text-color has-background has-very-light-gray-background-color has-very-light-gray-color is-style-dots\"\/><h2 class=\"wp-block-heading\"><strong>Donn\u00e9es personnelles<\/strong><\/h2><p>Ma\u00eetre Gr\u00e2ce Favrel est inscrite au Barreau de Paris, son cabinet est ainsi rattach\u00e9 \u00e0 l\u2019Ordre du barreau de Paris (France).<br>Ma\u00eetre Gr\u00e2ce Favrel est soumise au r\u00e8glement int\u00e9rieur du barreau de Paris et au r\u00e8glement int\u00e9rieur national dans leur version applicable ainsi qu\u2019aux dispositions l\u00e9gislatives et r\u00e9glementaires relatives \u00e0 la profession d\u2019avocat.<\/p><p>Lorsqu\u2019elle intervient dans le cadre du traitement de votre dossier, Ma\u00eetre Gr\u00e2ce Favrel prot\u00e8ge l\u2019ensemble de vos donn\u00e9es personnelles, qu\u2019il s\u2019agisse d\u2019un dossier juridique, judiciaire ou d\u2019arbitrage<\/p><p>Vos donn\u00e9es sont trait\u00e9es et conserv\u00e9es par le Cabinet d\u00e8s votre prise d\u2019attache, y compris pour le simple \u00e9tablissement d\u2019un devis ou lors de la prise de rendez-vous. Elles ne seront conserv\u00e9es que 6 semaines dans l\u2019hypoth\u00e8se o\u00f9 le rendez-vous ne serait pas honor\u00e9. Dans tous les autres cas, elles seront conserv\u00e9es pendant un d\u00e9lai de 5 ann\u00e9es \u00e0 compter du dernier acte juridique ou judiciaire r\u00e9alis\u00e9 par Ma\u00eetre Gr\u00e2ce Favrel.&nbsp;<\/p><p>Ces donn\u00e9es sont prot\u00e9g\u00e9es par un syst\u00e8me informatique prot\u00e9g\u00e9 et s\u00e9curis\u00e9.&nbsp;<\/p><p>Lorsque vous vous connecterez, nous mettrons en place un certain nombre de cookies pour enregistrer vos informations de connexion et vos pr\u00e9f\u00e9rences d\u2019\u00e9cran. La dur\u00e9e de vie d\u2019un cookie de connexion est de deux jours, celle d\u2019un cookie d\u2019option d\u2019\u00e9cran est d\u2019un an. Si vous cochez \u00ab&nbsp;Se souvenir de moi&nbsp;\u00bb, votre cookie de connexion sera conserv\u00e9 pendant deux semaines. Si vous vous d\u00e9connectez de votre compte, le cookie de connexion sera effac\u00e9.<\/p><p>Si vous vous opposez au traitement de vos donn\u00e9es personnelles, merci d\u2019en informer sans d\u00e9lai Ma\u00eetre Gr\u00e2ce Favrel.&nbsp;&nbsp;<\/p><p>Vous disposez en tout \u00e9tat de cause d\u2019un droit d\u2019acc\u00e8s, de limitation, de rectification ou d\u2019effacement de vos donn\u00e9es personnelles en vous adressant, de la m\u00eame fa\u00e7on, \u00e0 Ma\u00eetre Gr\u00e2ce Favrel.&nbsp;<\/p><p>Vous disposez enfin de la facult\u00e9 de former une r\u00e9clamation aupr\u00e8s de la Commission Nationale de l\u2019Informatique et des Libert\u00e9s (CNIL) si vous consid\u00e9rez que vos donn\u00e9es n\u2019ont pas \u00e9t\u00e9 prot\u00e9g\u00e9es.&nbsp;<\/p><hr class=\"wp-block-separator has-text-color has-background has-very-light-gray-background-color has-very-light-gray-color is-style-dots\"\/><p><\/p>","protected":false},"excerpt":{"rendered":"<p>Personne \u00e0 contacter Ma\u00eetre Gr\u00e2ce FAVREL, inscrite au barreau de Paris, SIREN : 883030470, si\u00e8ge social : 160, rue du Temple 75003 Paris,&#8230;<\/p>\n","protected":false},"author":1,"featured_media":0,"parent":0,"menu_order":0,"comment_status":"closed","ping_status":"closed","template":"","meta":{"footnotes":""},"class_list":["post-20752","page","type-page","status-publish","hentry"],"yoast_head":"<!-- This site is optimized with the Yoast SEO plugin v25.2 - https:\/\/yoast.com\/wordpress\/plugins\/seo\/ -->\n<title>Mentions l\u00e9gales - Favrel Avocat<\/title>\n<meta name=\"description\" content=\"Personne \u00e0 contacter Ma\u00eetre Gr\u00e2ce FAVREL, inscrite au barreau de Paris, SIREN : 883030470, si\u00e8ge social : 160, rue du Temple 75003 Paris, France ;\" \/>\n<meta name=\"robots\" content=\"noindex, nofollow\" \/>\n<meta property=\"og:locale\" content=\"fr_FR\" \/>\n<meta property=\"og:type\" content=\"article\" \/>\n<meta property=\"og:title\" content=\"Mentions l\u00e9gales - Favrel Avocat\" \/>\n<meta property=\"og:description\" content=\"Personne \u00e0 contacter Ma\u00eetre Gr\u00e2ce FAVREL, inscrite au barreau de Paris, SIREN : 883030470, si\u00e8ge social : 160, rue du Temple 75003 Paris, France ;\" \/>\n<meta property=\"og:url\" content=\"https:\/\/favrelavocat.com\/index.php\/mentions-legales\/\" \/>\n<meta property=\"og:site_name\" content=\"Favrel Avocat\" \/>\n<meta property=\"article:modified_time\" content=\"2020-05-10T09:06:03+00:00\" \/>\n<meta name=\"twitter:card\" content=\"summary_large_image\" \/>\n<meta name=\"twitter:label1\" content=\"Dur\u00e9e de lecture estim\u00e9e\" \/>\n\t<meta name=\"twitter:data1\" content=\"3 minutes\" \/>\n<!-- \/ Yoast SEO plugin. -->","yoast_head_json":{"title":"Mentions l\u00e9gales - Favrel Avocat","description":"Personne \u00e0 contacter Ma\u00eetre Gr\u00e2ce FAVREL, inscrite au barreau de Paris, SIREN : 883030470, si\u00e8ge social : 160, rue du Temple 75003 Paris, France ;","robots":{"index":"noindex","follow":"nofollow"},"og_locale":"fr_FR","og_type":"article","og_title":"Mentions l\u00e9gales - Favrel Avocat","og_description":"Personne \u00e0 contacter Ma\u00eetre Gr\u00e2ce FAVREL, inscrite au barreau de Paris, SIREN : 883030470, si\u00e8ge social : 160, rue du Temple 75003 Paris, France ;","og_url":"https:\/\/favrelavocat.com\/index.php\/mentions-legales\/","og_site_name":"Favrel Avocat","article_modified_time":"2020-05-10T09:06:03+00:00","twitter_card":"summary_large_image","twitter_misc":{"Dur\u00e9e de lecture estim\u00e9e":"3 minutes"},"schema":{"@context":"https:\/\/schema.org","@graph":[{"@type":"WebPage","@id":"https:\/\/favrelavocat.com\/index.php\/mentions-legales\/","url":"https:\/\/favrelavocat.com\/index.php\/mentions-legales\/","name":"Mentions l\u00e9gales - Favrel Avocat","isPartOf":{"@id":"https:\/\/favrelavocat.com\/#website"},"datePublished":"2020-05-09T16:06:58+00:00","dateModified":"2020-05-10T09:06:03+00:00","description":"Personne \u00e0 contacter Ma\u00eetre Gr\u00e2ce FAVREL, inscrite au barreau de Paris, SIREN : 883030470, si\u00e8ge social : 160, rue du Temple 75003 Paris, France ;","breadcrumb":{"@id":"https:\/\/favrelavocat.com\/index.php\/mentions-legales\/#breadcrumb"},"inLanguage":"fr-FR","potentialAction":[{"@type":"ReadAction","target":["https:\/\/favrelavocat.com\/index.php\/mentions-legales\/"]}]},{"@type":"BreadcrumbList","@id":"https:\/\/favrelavocat.com\/index.php\/mentions-legales\/#breadcrumb","itemListElement":[{"@type":"ListItem","position":1,"name":"Home","item":"https:\/\/favrelavocat.com\/"},{"@type":"ListItem","position":2,"name":"Mentions l\u00e9gales"}]},{"@type":"WebSite","@id":"https:\/\/favrelavocat.com\/#website","url":"https:\/\/favrelavocat.com\/","name":"Favrel Avocat","description":"International Law","publisher":{"@id":"https:\/\/favrelavocat.com\/#organization"},"potentialAction":[{"@type":"SearchAction","target":{"@type":"EntryPoint","urlTemplate":"https:\/\/favrelavocat.com\/?s={search_term_string}"},"query-input":{"@type":"PropertyValueSpecification","valueRequired":true,"valueName":"search_term_string"}}],"inLanguage":"fr-FR"},{"@type":"Organization","@id":"https:\/\/favrelavocat.com\/#organization","name":"Favrel avocat","url":"https:\/\/favrelavocat.com\/","logo":{"@type":"ImageObject","inLanguage":"fr-FR","@id":"https:\/\/favrelavocat.com\/#\/schema\/logo\/image\/","url":"https:\/\/favrelavocat.com\/wp-content\/uploads\/2020\/02\/text42911-1.png","contentUrl":"https:\/\/favrelavocat.com\/wp-content\/uploads\/2020\/02\/text42911-1.png","width":1615,"height":627,"caption":"Favrel avocat"},"image":{"@id":"https:\/\/favrelavocat.com\/#\/schema\/logo\/image\/"}}]}},"_links":{"self":[{"href":"https:\/\/favrelavocat.com\/index.php\/wp-json\/wp\/v2\/pages\/20752","targetHints":{"allow":["GET"]}}],"collection":[{"href":"https:\/\/favrelavocat.com\/index.php\/wp-json\/wp\/v2\/pages"}],"about":[{"href":"https:\/\/favrelavocat.com\/index.php\/wp-json\/wp\/v2\/types\/page"}],"author":[{"embeddable":true,"href":"https:\/\/favrelavocat.com\/index.php\/wp-json\/wp\/v2\/users\/1"}],"replies":[{"embeddable":true,"href":"https:\/\/favrelavocat.com\/index.php\/wp-json\/wp\/v2\/comments?post=20752"}],"version-history":[{"count":4,"href":"https:\/\/favrelavocat.com\/index.php\/wp-json\/wp\/v2\/pages\/20752\/revisions"}],"predecessor-version":[{"id":20757,"href":"https:\/\/favrelavocat.com\/index.php\/wp-json\/wp\/v2\/pages\/20752\/revisions\/20757"}],"wp:attachment":[{"href":"https:\/\/favrelavocat.com\/index.php\/wp-json\/wp\/v2\/media?parent=20752"}],"curies":[{"name":"wp","href":"https:\/\/api.w.org\/{rel}","templated":true}]}}