{"id":20239,"date":"2020-01-14T15:10:09","date_gmt":"2020-01-14T14:10:09","guid":{"rendered":"http:\/\/favrelavocat.com\/?page_id=20239"},"modified":"2025-12-05T12:33:38","modified_gmt":"2025-12-05T11:33:38","slug":"grace-favrel-contacter-le-cabinet","status":"publish","type":"page","link":"https:\/\/favrelavocat.com\/index.php\/grace-favrel-contacter-le-cabinet\/","title":{"rendered":"Contacts"},"content":{"rendered":"<p>[vc_row row_type=\u00a0\u00bbrow\u00a0\u00bb type=\u00a0\u00bbfull_width\u00a0\u00bb text_align=\u00a0\u00bbleft\u00a0\u00bb video=\u00a0\u00bb\u00a0\u00bb css_animation=\u00a0\u00bb\u00a0\u00bb][vc_column]<div class='q_icon_with_title  circle'><div class=\"icon_holder \" style=\"margin: 7px 0px 0px 0px; \"><div class=\"icon_holder_inner\" style=\"\"><span class=\"q_font_elegant_holder circle  custom-font\" style=\"font-size: 24px;\"><span class=\"icon_text_icon q_font_elegant_icon icon_pin_alt\" aria-hidden=\"true\"><\/span><\/span><\/div><\/div><div class=\"icon_text_holder\" style=\"padding-left: 95px\"><div class=\"icon_text_inner\" style=\"\"><h5 class=\"icon_title\" style=\"\">Adresse<\/h5><p style=''>160 rue du Temple, 75003 Paris, France<\/p><\/div><\/div><\/div>[vc_separator type=\u00a0\u00bbtransparent\u00a0\u00bb thickness=\u00a0\u00bb1&Prime; up=\u00a0\u00bb14&Prime;]<div class='q_icon_with_title  circle'><div class=\"icon_holder \" style=\"margin: 7px 0px 0px 0px; \"><div class=\"icon_holder_inner\" style=\"\"><span class=\"q_font_elegant_holder circle  custom-font\" style=\"font-size: 24px;\"><span class=\"icon_text_icon q_font_elegant_icon icon_phone\" aria-hidden=\"true\"><\/span><\/span><\/div><\/div><div class=\"icon_text_holder\" style=\"padding-left: 95px\"><div class=\"icon_text_inner\" style=\"\"><h5 class=\"icon_title\" style=\"\">Num\u00e9ro de t\u00e9l\u00e9phone<\/h5><p style=''>T\u00e9l\u00e9phone: +33 (0)635572895<\/p><\/div><\/div><\/div>[vc_separator type=\u00a0\u00bbtransparent\u00a0\u00bb thickness=\u00a0\u00bb1&Prime; up=\u00a0\u00bb14&Prime;]<div class='q_icon_with_title  circle'><div class=\"icon_holder \" style=\"margin: 7px 0px 0px 0px; \"><div class=\"icon_holder_inner\" style=\"\"><span class=\"q_font_elegant_holder circle  custom-font\" style=\"font-size: 24px;\"><span class=\"icon_text_icon q_font_elegant_icon icon_mail_alt\" aria-hidden=\"true\"><\/span><\/span><\/div><\/div><div class=\"icon_text_holder\" style=\"padding-left: 95px\"><div class=\"icon_text_inner\" style=\"\"><h5 class=\"icon_title\" style=\"\">E-mail<\/h5><p style=''>contact@favrelavocat.com<\/p><a class='icon_with_title_link' href='https:\/\/fr.linkedin.com\/in\/gr%C3%A2ce-favrel-b5780548' target='_self' style=''>Linkedin<\/a><\/div><\/div><\/div><div class='q_icon_with_title  circle'><div class=\"icon_holder \" style=\"margin: 7px 0px 0px 0px; \"><div class=\"icon_holder_inner\" style=\"\"><span class=\"q_font_elegant_holder circle  custom-font\" style=\"font-size: 24px;\"><span class=\"icon_text_icon q_font_elegant_icon icon_mail_alt\" aria-hidden=\"true\"><\/span><\/span><\/div><\/div><div class=\"icon_text_holder\" style=\"padding-left: 95px\"><div class=\"icon_text_inner\" style=\"\"><h2 class=\"icon_title\" style=\"\">Instagram<\/h2><p style=''>#FavrelAvocatTExplique<\/p><a class='icon_with_title_link' href='favrelavocat' target='_self' style=''>Instagram<\/a><\/div><\/div><\/div>[\/vc_column][\/vc_row][vc_row row_type=\u00a0\u00bbrow\u00a0\u00bb type=\u00a0\u00bbfull_width\u00a0\u00bb text_align=\u00a0\u00bbleft\u00a0\u00bb video=\u00a0\u00bb\u00a0\u00bb css_animation=\u00a0\u00bb\u00a0\u00bb][vc_column][vc_separator type=\u00a0\u00bbtransparent\u00a0\u00bb thickness=\u00a0\u00bb1&Prime; up=\u00a0\u00bb14&Prime;]\n<div class=\"wpcf7 no-js\" id=\"wpcf7-f20423-o1\" lang=\"fr-FR\" dir=\"ltr\" data-wpcf7-id=\"20423\">\n<div class=\"screen-reader-response\"><p role=\"status\" aria-live=\"polite\" aria-atomic=\"true\"><\/p> <ul><\/ul><\/div>\n<form action=\"\/index.php\/wp-json\/wp\/v2\/pages\/20239#wpcf7-f20423-o1\" method=\"post\" class=\"wpcf7-form init\" aria-label=\"Formulaire de contact\" novalidate=\"novalidate\" data-status=\"init\">\n<div style=\"display: none;\">\n<input type=\"hidden\" name=\"_wpcf7\" value=\"20423\" \/>\n<input type=\"hidden\" name=\"_wpcf7_version\" value=\"6.0.6\" \/>\n<input type=\"hidden\" name=\"_wpcf7_locale\" value=\"fr_FR\" \/>\n<input type=\"hidden\" name=\"_wpcf7_unit_tag\" value=\"wpcf7-f20423-o1\" \/>\n<input type=\"hidden\" name=\"_wpcf7_container_post\" value=\"0\" \/>\n<input type=\"hidden\" name=\"_wpcf7_posted_data_hash\" value=\"\" \/>\n<\/div>\n<p><label> VOTRE NOM (obligatoire)<br \/>\n<span class=\"wpcf7-form-control-wrap\" data-name=\"your-name\"><input size=\"40\" maxlength=\"400\" class=\"wpcf7-form-control wpcf7-text wpcf7-validates-as-required\" aria-required=\"true\" aria-invalid=\"false\" value=\"\" type=\"text\" name=\"your-name\" \/><\/span> <\/label>\n<\/p>\n<p><label> VOTRE ADRESSE DE MESSAGERIE (obligatoire)<br \/>\n<span class=\"wpcf7-form-control-wrap\" data-name=\"your-email\"><input size=\"40\" maxlength=\"400\" class=\"wpcf7-form-control wpcf7-email wpcf7-validates-as-required wpcf7-text wpcf7-validates-as-email\" aria-required=\"true\" aria-invalid=\"false\" value=\"\" type=\"email\" name=\"your-email\" \/><\/span> <\/label>\n<\/p>\n<p><label> OBJET<br \/>\n<span class=\"wpcf7-form-control-wrap\" data-name=\"your-subject\"><input size=\"40\" maxlength=\"400\" class=\"wpcf7-form-control wpcf7-text\" aria-invalid=\"false\" value=\"\" type=\"text\" name=\"your-subject\" \/><\/span> <\/label>\n<\/p>\n<p><label> VOTRE MESSAGE<br \/>\n<span class=\"wpcf7-form-control-wrap\" data-name=\"your-message\"><textarea cols=\"40\" rows=\"10\" maxlength=\"2000\" class=\"wpcf7-form-control wpcf7-textarea\" aria-invalid=\"false\" name=\"your-message\"><\/textarea><\/span> <\/label>\n<\/p>\n<p><input class=\"wpcf7-form-control wpcf7-submit has-spinner\" type=\"submit\" value=\"ENVOYER\" \/>\n<\/p><div class=\"wpcf7-response-output\" aria-hidden=\"true\"><\/div>\n<\/form>\n<\/div>\n[\/vc_column][\/vc_row]<\/p>\n","protected":false},"excerpt":{"rendered":"<p>[vc_row row_type=\u00a0\u00bbrow\u00a0\u00bb type=\u00a0\u00bbfull_width\u00a0\u00bb text_align=\u00a0\u00bbleft\u00a0\u00bb video=\u00a0\u00bb\u00a0\u00bb css_animation=\u00a0\u00bb\u00a0\u00bb][vc_column][vc_separator type=\u00a0\u00bbtransparent\u00a0\u00bb thickness=\u00a0\u00bb1&Prime; up=\u00a0\u00bb14&Prime;][vc_separator type=\u00a0\u00bbtransparent\u00a0\u00bb thickness=\u00a0\u00bb1&Prime; up=\u00a0\u00bb14&Prime;][\/vc_column][\/vc_row][vc_row row_type=\u00a0\u00bbrow\u00a0\u00bb type=\u00a0\u00bbfull_width\u00a0\u00bb text_align=\u00a0\u00bbleft\u00a0\u00bb video=\u00a0\u00bb\u00a0\u00bb css_animation=\u00a0\u00bb\u00a0\u00bb][vc_column][vc_separator type=\u00a0\u00bbtransparent\u00a0\u00bb thickness=\u00a0\u00bb1&Prime; up=\u00a0\u00bb14&Prime;][\/vc_column][\/vc_row]<\/p>\n","protected":false},"author":1,"featured_media":0,"parent":0,"menu_order":0,"comment_status":"open","ping_status":"closed","template":"contact-page.php","meta":{"footnotes":""},"class_list":["post-20239","page","type-page","status-publish","hentry"],"yoast_head":"<!-- This site is optimized with the Yoast SEO plugin v25.2 - https:\/\/yoast.com\/wordpress\/plugins\/seo\/ -->\n<title>Contacts - Favrel Avocat<\/title>\n<meta name=\"description\" content=\"Gr\u00e2ce FAVREL Avocat Paris. cabinet d\u00e9did\u00e9 aux droits de l&#039;homme. Vous pouvez nous contacter par t\u00e9l\u00e9phone, email ou en remplissant le formulaire.\" \/>\n<meta name=\"robots\" content=\"index, follow, max-snippet:-1, max-image-preview:large, max-video-preview:-1\" \/>\n<link rel=\"canonical\" href=\"https:\/\/favrelavocat.com\/index.php\/grace-favrel-contacter-le-cabinet\/\" \/>\n<meta property=\"og:locale\" content=\"fr_FR\" \/>\n<meta property=\"og:type\" content=\"article\" \/>\n<meta property=\"og:title\" content=\"Contacts - Favrel Avocat\" \/>\n<meta property=\"og:description\" content=\"Gr\u00e2ce FAVREL Avocat Paris. cabinet d\u00e9did\u00e9 aux droits de l&#039;homme. Vous pouvez nous contacter par t\u00e9l\u00e9phone, email ou en remplissant le formulaire.\" \/>\n<meta property=\"og:url\" content=\"https:\/\/favrelavocat.com\/index.php\/grace-favrel-contacter-le-cabinet\/\" \/>\n<meta property=\"og:site_name\" content=\"Favrel Avocat\" \/>\n<meta property=\"article:modified_time\" content=\"2025-12-05T11:33:38+00:00\" \/>\n<meta name=\"twitter:card\" content=\"summary_large_image\" \/>\n<meta name=\"twitter:label1\" content=\"Dur\u00e9e de lecture estim\u00e9e\" \/>\n\t<meta name=\"twitter:data1\" content=\"1 minute\" \/>\n<!-- \/ Yoast SEO plugin. -->","yoast_head_json":{"title":"Contacts - Favrel Avocat","description":"Gr\u00e2ce FAVREL Avocat Paris. cabinet d\u00e9did\u00e9 aux droits de l'homme. Vous pouvez nous contacter par t\u00e9l\u00e9phone, email ou en remplissant le formulaire.","robots":{"index":"index","follow":"follow","max-snippet":"max-snippet:-1","max-image-preview":"max-image-preview:large","max-video-preview":"max-video-preview:-1"},"canonical":"https:\/\/favrelavocat.com\/index.php\/grace-favrel-contacter-le-cabinet\/","og_locale":"fr_FR","og_type":"article","og_title":"Contacts - Favrel Avocat","og_description":"Gr\u00e2ce FAVREL Avocat Paris. cabinet d\u00e9did\u00e9 aux droits de l'homme. Vous pouvez nous contacter par t\u00e9l\u00e9phone, email ou en remplissant le formulaire.","og_url":"https:\/\/favrelavocat.com\/index.php\/grace-favrel-contacter-le-cabinet\/","og_site_name":"Favrel Avocat","article_modified_time":"2025-12-05T11:33:38+00:00","twitter_card":"summary_large_image","twitter_misc":{"Dur\u00e9e de lecture estim\u00e9e":"1 minute"},"schema":{"@context":"https:\/\/schema.org","@graph":[{"@type":"WebPage","@id":"https:\/\/favrelavocat.com\/index.php\/grace-favrel-contacter-le-cabinet\/","url":"https:\/\/favrelavocat.com\/index.php\/grace-favrel-contacter-le-cabinet\/","name":"Contacts - Favrel Avocat","isPartOf":{"@id":"https:\/\/favrelavocat.com\/#website"},"datePublished":"2020-01-14T14:10:09+00:00","dateModified":"2025-12-05T11:33:38+00:00","description":"Gr\u00e2ce FAVREL Avocat Paris. cabinet d\u00e9did\u00e9 aux droits de l'homme. Vous pouvez nous contacter par t\u00e9l\u00e9phone, email ou en remplissant le formulaire.","breadcrumb":{"@id":"https:\/\/favrelavocat.com\/index.php\/grace-favrel-contacter-le-cabinet\/#breadcrumb"},"inLanguage":"fr-FR","potentialAction":[{"@type":"ReadAction","target":["https:\/\/favrelavocat.com\/index.php\/grace-favrel-contacter-le-cabinet\/"]}]},{"@type":"BreadcrumbList","@id":"https:\/\/favrelavocat.com\/index.php\/grace-favrel-contacter-le-cabinet\/#breadcrumb","itemListElement":[{"@type":"ListItem","position":1,"name":"Home","item":"https:\/\/favrelavocat.com\/"},{"@type":"ListItem","position":2,"name":"Contacts"}]},{"@type":"WebSite","@id":"https:\/\/favrelavocat.com\/#website","url":"https:\/\/favrelavocat.com\/","name":"Favrel Avocat","description":"International Law","publisher":{"@id":"https:\/\/favrelavocat.com\/#organization"},"potentialAction":[{"@type":"SearchAction","target":{"@type":"EntryPoint","urlTemplate":"https:\/\/favrelavocat.com\/?s={search_term_string}"},"query-input":{"@type":"PropertyValueSpecification","valueRequired":true,"valueName":"search_term_string"}}],"inLanguage":"fr-FR"},{"@type":"Organization","@id":"https:\/\/favrelavocat.com\/#organization","name":"Favrel avocat","url":"https:\/\/favrelavocat.com\/","logo":{"@type":"ImageObject","inLanguage":"fr-FR","@id":"https:\/\/favrelavocat.com\/#\/schema\/logo\/image\/","url":"https:\/\/favrelavocat.com\/wp-content\/uploads\/2020\/02\/text42911-1.png","contentUrl":"https:\/\/favrelavocat.com\/wp-content\/uploads\/2020\/02\/text42911-1.png","width":1615,"height":627,"caption":"Favrel avocat"},"image":{"@id":"https:\/\/favrelavocat.com\/#\/schema\/logo\/image\/"}}]}},"_links":{"self":[{"href":"https:\/\/favrelavocat.com\/index.php\/wp-json\/wp\/v2\/pages\/20239","targetHints":{"allow":["GET"]}}],"collection":[{"href":"https:\/\/favrelavocat.com\/index.php\/wp-json\/wp\/v2\/pages"}],"about":[{"href":"https:\/\/favrelavocat.com\/index.php\/wp-json\/wp\/v2\/types\/page"}],"author":[{"embeddable":true,"href":"https:\/\/favrelavocat.com\/index.php\/wp-json\/wp\/v2\/users\/1"}],"replies":[{"embeddable":true,"href":"https:\/\/favrelavocat.com\/index.php\/wp-json\/wp\/v2\/comments?post=20239"}],"version-history":[{"count":18,"href":"https:\/\/favrelavocat.com\/index.php\/wp-json\/wp\/v2\/pages\/20239\/revisions"}],"predecessor-version":[{"id":20536,"href":"https:\/\/favrelavocat.com\/index.php\/wp-json\/wp\/v2\/pages\/20239\/revisions\/20536"}],"wp:attachment":[{"href":"https:\/\/favrelavocat.com\/index.php\/wp-json\/wp\/v2\/media?parent=20239"}],"curies":[{"name":"wp","href":"https:\/\/api.w.org\/{rel}","templated":true}]}}